[INFO] fetching crate poem-openapi-macro 0.3.0...
[INFO] checking poem-openapi-macro-0.3.0 against master#9610dfe5a9a731ced1ea4923ecbd0c57fe367898 for beta-170-4
[INFO] extracting crate poem-openapi-macro 0.3.0 into /workspace/builds/worker-1-tc1/source
[INFO] validating manifest of crates.io crate poem-openapi-macro 0.3.0 on toolchain 9610dfe5a9a731ced1ea4923ecbd0c57fe367898
[INFO] running `Command { std: CARGO_HOME="/workspace/cargo-home" RUSTUP_HOME="/workspace/rustup-home" "/workspace/cargo-home/bin/cargo" "+9610dfe5a9a731ced1ea4923ecbd0c57fe367898" "metadata" "--manifest-path" "Cargo.toml" "--no-deps", kill_on_drop: false }`
[INFO] started tweaking crates.io crate poem-openapi-macro 0.3.0
[INFO] finished tweaking crates.io crate poem-openapi-macro 0.3.0
[INFO] tweaked toml for crates.io crate poem-openapi-macro 0.3.0 written to /workspace/builds/worker-1-tc1/source/Cargo.toml
[INFO] running `Command { std: CARGO_HOME="/workspace/cargo-home" RUSTUP_HOME="/workspace/rustup-home" __CARGO_TEST_CHANNEL_OVERRIDE_DO_NOT_USE_THIS="nightly" "/workspace/cargo-home/bin/cargo" "+9610dfe5a9a731ced1ea4923ecbd0c57fe367898" "generate-lockfile" "--manifest-path" "Cargo.toml" "-Zno-index-update", kill_on_drop: false }`
[INFO] running `Command { std: CARGO_HOME="/workspace/cargo-home" RUSTUP_HOME="/workspace/rustup-home" "/workspace/cargo-home/bin/cargo" "+9610dfe5a9a731ced1ea4923ecbd0c57fe367898" "fetch" "--manifest-path" "Cargo.toml", kill_on_drop: false }`
[INFO] running `Command { std: "docker" "create" "-v" "/var/lib/crater-agent-workspace/builds/worker-1-tc1/target:/opt/rustwide/target:rw,Z" "-v" "/var/lib/crater-agent-workspace/builds/worker-1-tc1/source:/opt/rustwide/workdir:ro,Z" "-v" "/var/lib/crater-agent-workspace/cargo-home:/opt/rustwide/cargo-home:ro,Z" "-v" "/var/lib/crater-agent-workspace/rustup-home:/opt/rustwide/rustup-home:ro,Z" "-e" "SOURCE_DIR=/opt/rustwide/workdir" "-e" "CARGO_TARGET_DIR=/opt/rustwide/target" "-e" "CARGO_HOME=/opt/rustwide/cargo-home" "-e" "RUSTUP_HOME=/opt/rustwide/rustup-home" "-w" "/opt/rustwide/workdir" "-m" "1610612736" "--user" "0:0" "--network" "none" "ghcr.io/rust-lang/crates-build-env/linux@sha256:19e73879b68f455e41552ea35293514db52ea292d993f571636dbffedb77a1ee" "/opt/rustwide/cargo-home/bin/cargo" "+9610dfe5a9a731ced1ea4923ecbd0c57fe367898" "metadata" "--no-deps" "--format-version=1", kill_on_drop: false }`
[INFO] [stdout] 3a65c662e892730898e2ee60a98973b604cb77dfbb584dcef84b5afd8a6caae1
[INFO] running `Command { std: "docker" "start" "-a" "3a65c662e892730898e2ee60a98973b604cb77dfbb584dcef84b5afd8a6caae1", kill_on_drop: false }`
[INFO] running `Command { std: "docker" "inspect" "3a65c662e892730898e2ee60a98973b604cb77dfbb584dcef84b5afd8a6caae1", kill_on_drop: false }`
[INFO] running `Command { std: "docker" "rm" "-f" "3a65c662e892730898e2ee60a98973b604cb77dfbb584dcef84b5afd8a6caae1", kill_on_drop: false }`
[INFO] [stdout] 3a65c662e892730898e2ee60a98973b604cb77dfbb584dcef84b5afd8a6caae1
[INFO] running `Command { std: "docker" "create" "-v" "/var/lib/crater-agent-workspace/builds/worker-1-tc1/target:/opt/rustwide/target:rw,Z" "-v" "/var/lib/crater-agent-workspace/builds/worker-1-tc1/source:/opt/rustwide/workdir:ro,Z" "-v" "/var/lib/crater-agent-workspace/cargo-home:/opt/rustwide/cargo-home:ro,Z" "-v" "/var/lib/crater-agent-workspace/rustup-home:/opt/rustwide/rustup-home:ro,Z" "-e" "SOURCE_DIR=/opt/rustwide/workdir" "-e" "CARGO_TARGET_DIR=/opt/rustwide/target" "-e" "CARGO_INCREMENTAL=0" "-e" "RUST_BACKTRACE=full" "-e" "RUSTFLAGS=--cap-lints=forbid" "-e" "RUSTDOCFLAGS=--cap-lints=forbid" "-e" "CARGO_HOME=/opt/rustwide/cargo-home" "-e" "RUSTUP_HOME=/opt/rustwide/rustup-home" "-w" "/opt/rustwide/workdir" "-m" "1610612736" "--user" "0:0" "--network" "none" "ghcr.io/rust-lang/crates-build-env/linux@sha256:19e73879b68f455e41552ea35293514db52ea292d993f571636dbffedb77a1ee" "/opt/rustwide/cargo-home/bin/cargo" "+9610dfe5a9a731ced1ea4923ecbd0c57fe367898" "check" "--frozen" "--all" "--all-targets" "--message-format=json", kill_on_drop: false }`
[INFO] [stdout] 77574afaeef91462867c80198ba7942960f6b59f71ee92b2b976197d899769c6
[INFO] running `Command { std: "docker" "start" "-a" "77574afaeef91462867c80198ba7942960f6b59f71ee92b2b976197d899769c6", kill_on_drop: false }`
[INFO] [stderr]     Checking unicode-ident v1.0.9
[INFO] [stderr]    Compiling syn v1.0.109
[INFO] [stderr]     Checking proc-macro2 v1.0.59
[INFO] [stderr]     Checking quote v1.0.28
[INFO] [stderr]     Checking poem-openapi-macro v0.3.0 (/opt/rustwide/workdir)
[INFO] [stdout] error[E0432]: unresolved imports `syn::DeriveInput`, `syn::Member`
[INFO] [stdout]  --> src/uni_open_api.rs:2:11
[INFO] [stdout]   |
[INFO] [stdout] 2 | use syn::{DeriveInput, Member};
[INFO] [stdout]   |           ^^^^^^^^^^^  ^^^^^^ no `Member` in the root
[INFO] [stdout]   |           |
[INFO] [stdout]   |           no `DeriveInput` in the root
[INFO] [stdout] 
[INFO] [stdout] 
[INFO] [stdout] error[E0432]: unresolved imports `syn::DeriveInput`, `syn::Member`
[INFO] [stdout]  --> src/uni_open_api.rs:2:11
[INFO] [stdout]   |
[INFO] [stdout] 2 | use syn::{DeriveInput, Member};
[INFO] [stdout]   |           ^^^^^^^^^^^  ^^^^^^ no `Member` in the root
[INFO] [stdout]   |           |
[INFO] [stdout]   |           no `DeriveInput` in the root
[INFO] [stdout] 
[INFO] [stdout] 
[INFO] [stdout] error[E0432]: unresolved imports `syn::parse_macro_input`, `syn::DeriveInput`
[INFO] [stdout]   --> src/lib.rs:19:11
[INFO] [stdout]    |
[INFO] [stdout] 19 | use syn::{parse_macro_input, DeriveInput};
[INFO] [stdout]    |           ^^^^^^^^^^^^^^^^^  ^^^^^^^^^^^ no `DeriveInput` in the root
[INFO] [stdout]    |           |
[INFO] [stdout]    |           no `parse_macro_input` in the root
[INFO] [stdout] 
[INFO] [stdout] 
[INFO] [stdout] error[E0432]: unresolved imports `syn::parse_macro_input`, `syn::DeriveInput`
[INFO] [stdout]   --> src/lib.rs:19:11
[INFO] [stdout]    |
[INFO] [stdout] 19 | use syn::{parse_macro_input, DeriveInput};
[INFO] [stdout]    |           ^^^^^^^^^^^^^^^^^  ^^^^^^^^^^^ no `DeriveInput` in the root
[INFO] [stdout]    |           |
[INFO] [stdout]    |           no `parse_macro_input` in the root
[INFO] [stdout] 
[INFO] [stdout] 
[INFO] [stdout] error: cannot determine resolution for the macro `parse_macro_input`
[INFO] [stdout]   --> src/lib.rs:26:16
[INFO] [stdout]    |
[INFO] [stdout] 26 |     let args = parse_macro_input!(input as DeriveInput);
[INFO] [stdout]    |                ^^^^^^^^^^^^^^^^^
[INFO] [stdout]    |
[INFO] [stdout]    = note: import resolution is stuck, try simplifying macro imports
[INFO] [stdout] 
[INFO] [stdout] 
[INFO] [stdout] error: cannot determine resolution for the macro `parse_macro_input`
[INFO] [stdout]   --> src/lib.rs:26:16
[INFO] [stdout]    |
[INFO] [stdout] 26 |     let args = parse_macro_input!(input as DeriveInput);
[INFO] [stdout]    |                ^^^^^^^^^^^^^^^^^
[INFO] [stdout]    |
[INFO] [stdout]    = note: import resolution is stuck, try simplifying macro imports
[INFO] [stdout] 
[INFO] [stdout] 
[INFO] [stdout] error[E0433]: failed to resolve: could not find `Data` in `syn`
[INFO] [stdout]   --> src/uni_open_api.rs:10:14
[INFO] [stdout]    |
[INFO] [stdout] 10 |         syn::Data::Enum(_) => Err(syn::Error::new_spanned(struct_ident, "enum not supported")),
[INFO] [stdout]    |              ^^^^ could not find `Data` in `syn`
[INFO] [stdout] 
[INFO] [stdout] 
[INFO] [stdout] error[E0433]: failed to resolve: could not find `Data` in `syn`
[INFO] [stdout]   --> src/uni_open_api.rs:10:14
[INFO] [stdout]    |
[INFO] [stdout] 10 |         syn::Data::Enum(_) => Err(syn::Error::new_spanned(struct_ident, "enum not supported")),
[INFO] [stdout]    |              ^^^^ could not find `Data` in `syn`
[INFO] [stdout] 
[INFO] [stdout] 
[INFO] [stdout] error[E0433]: failed to resolve: could not find `Data` in `syn`
[INFO] [stdout]   --> src/uni_open_api.rs:11:14
[INFO] [stdout]    |
[INFO] [stdout] 11 |         syn::Data::Union(_) => Err(syn::Error::new_spanned(struct_ident, "union not supported")),
[INFO] [stdout]    |              ^^^^ could not find `Data` in `syn`
[INFO] [stdout] 
[INFO] [stdout] 
[INFO] [stdout] error[E0433]: failed to resolve: could not find `Data` in `syn`
[INFO] [stdout]   --> src/uni_open_api.rs:11:14
[INFO] [stdout]    |
[INFO] [stdout] 11 |         syn::Data::Union(_) => Err(syn::Error::new_spanned(struct_ident, "union not supported")),
[INFO] [stdout]    |              ^^^^ could not find `Data` in `syn`
[INFO] [stdout] 
[INFO] [stdout] 
[INFO] [stdout] error[E0433]: failed to resolve: could not find `Data` in `syn`
[INFO] [stdout]   --> src/uni_open_api.rs:12:14
[INFO] [stdout]    |
[INFO] [stdout] 12 |         syn::Data::Struct(ds) => match ds.fields {
[INFO] [stdout]    |              ^^^^ could not find `Data` in `syn`
[INFO] [stdout] 
[INFO] [stdout] 
[INFO] [stdout] error[E0433]: failed to resolve: could not find `Data` in `syn`
[INFO] [stdout]   --> src/uni_open_api.rs:12:14
[INFO] [stdout]    |
[INFO] [stdout] 12 |         syn::Data::Struct(ds) => match ds.fields {
[INFO] [stdout]    |              ^^^^ could not find `Data` in `syn`
[INFO] [stdout] 
[INFO] [stdout] 
[INFO] [stdout] error[E0433]: failed to resolve: could not find `Fields` in `syn`
[INFO] [stdout]   --> src/uni_open_api.rs:13:18
[INFO] [stdout]    |
[INFO] [stdout] 13 |             syn::Fields::Named(_) => Err(syn::Error::new_spanned(
[INFO] [stdout]    |                  ^^^^^^ could not find `Fields` in `syn`
[INFO] [stdout] 
[INFO] [stdout] 
[INFO] [stdout] error[E0433]: failed to resolve: could not find `Fields` in `syn`
[INFO] [stdout]   --> src/uni_open_api.rs:13:18
[INFO] [stdout]    |
[INFO] [stdout] 13 |             syn::Fields::Named(_) => Err(syn::Error::new_spanned(
[INFO] [stdout]    |                  ^^^^^^ could not find `Fields` in `syn`
[INFO] [stdout] 
[INFO] [stdout] 
[INFO] [stdout] error[E0433]: failed to resolve: could not find `Fields` in `syn`
[INFO] [stdout]   --> src/uni_open_api.rs:17:18
[INFO] [stdout]    |
[INFO] [stdout] 17 |             syn::Fields::Unit => Err(syn::Error::new_spanned(
[INFO] [stdout]    |                  ^^^^^^ could not find `Fields` in `syn`
[INFO] [stdout] 
[INFO] [stdout] 
[INFO] [stdout] error[E0433]: failed to resolve: could not find `Fields` in `syn`
[INFO] [stdout]   --> src/uni_open_api.rs:17:18
[INFO] [stdout]    |
[INFO] [stdout] 17 |             syn::Fields::Unit => Err(syn::Error::new_spanned(
[INFO] [stdout]    |                  ^^^^^^ could not find `Fields` in `syn`
[INFO] [stdout] 
[INFO] [stdout] 
[INFO] [stdout] error[E0433]: failed to resolve: could not find `Fields` in `syn`
[INFO] [stdout]   --> src/uni_open_api.rs:21:18
[INFO] [stdout]    |
[INFO] [stdout] 21 |             syn::Fields::Unnamed(syn::FieldsUnnamed { ref unnamed, .. }) => Ok(unnamed),
[INFO] [stdout]    |                  ^^^^^^ could not find `Fields` in `syn`
[INFO] [stdout] 
[INFO] [stdout] 
[INFO] [stdout] error[E0433]: failed to resolve: could not find `Fields` in `syn`
[INFO] [stdout]   --> src/uni_open_api.rs:21:18
[INFO] [stdout]    |
[INFO] [stdout] 21 |             syn::Fields::Unnamed(syn::FieldsUnnamed { ref unnamed, .. }) => Ok(unnamed),
[INFO] [stdout]    |                  ^^^^^^ could not find `Fields` in `syn`
[INFO] [stdout] 
[INFO] [stdout] 
[INFO] [stdout] error[E0412]: cannot find type `Field` in crate `syn`
[INFO] [stdout]  --> src/uni_open_api.rs:4:54
[INFO] [stdout]   |
[INFO] [stdout] 4 | type StructFields = syn::punctuated::Punctuated<syn::Field, syn::Token![,]>;
[INFO] [stdout]   |                                                      ^^^^^ not found in `syn`
[INFO] [stdout] 
[INFO] [stdout] 
[INFO] [stdout] error[E0412]: cannot find type `Field` in crate `syn`
[INFO] [stdout]  --> src/uni_open_api.rs:4:54
[INFO] [stdout]   |
[INFO] [stdout] 4 | type StructFields = syn::punctuated::Punctuated<syn::Field, syn::Token![,]>;
[INFO] [stdout]   |                                                      ^^^^^ not found in `syn`
[INFO] [stdout] 
[INFO] [stdout] 
[INFO] [stdout] error[E0422]: cannot find struct, variant or union type `FieldsUnnamed` in crate `syn`
[INFO] [stdout]   --> src/uni_open_api.rs:21:39
[INFO] [stdout]    |
[INFO] [stdout] 21 |             syn::Fields::Unnamed(syn::FieldsUnnamed { ref unnamed, .. }) => Ok(unnamed),
[INFO] [stdout]    |                                       ^^^^^^^^^^^^^ not found in `syn`
[INFO] [stdout] 
[INFO] [stdout] 
[INFO] [stdout] error[E0422]: cannot find struct, variant or union type `FieldsUnnamed` in crate `syn`
[INFO] [stdout]   --> src/uni_open_api.rs:21:39
[INFO] [stdout]    |
[INFO] [stdout] 21 |             syn::Fields::Unnamed(syn::FieldsUnnamed { ref unnamed, .. }) => Ok(unnamed),
[INFO] [stdout]    |                                       ^^^^^^^^^^^^^ not found in `syn`
[INFO] [stdout] 
[INFO] [stdout] 
[INFO] [stdout] error[E0599]: no function or associated item named `new_spanned` found for struct `syn::Error` in the current scope
[INFO] [stdout]   --> src/uni_open_api.rs:10:47
[INFO] [stdout]    |
[INFO] [stdout] 10 |         syn::Data::Enum(_) => Err(syn::Error::new_spanned(struct_ident, "enum not supported")),
[INFO] [stdout]    |                                               ^^^^^^^^^^^ function or associated item not found in `syn::Error`
[INFO] [stdout] 
[INFO] [stdout] 
[INFO] [stdout] error[E0599]: no function or associated item named `new_spanned` found for struct `syn::Error` in the current scope
[INFO] [stdout]   --> src/uni_open_api.rs:11:48
[INFO] [stdout]    |
[INFO] [stdout] 11 |         syn::Data::Union(_) => Err(syn::Error::new_spanned(struct_ident, "union not supported")),
[INFO] [stdout]    |                                                ^^^^^^^^^^^ function or associated item not found in `syn::Error`
[INFO] [stdout] 
[INFO] [stdout] 
[INFO] [stdout] error[E0599]: no function or associated item named `new_spanned` found for struct `syn::Error` in the current scope
[INFO] [stdout]   --> src/uni_open_api.rs:10:47
[INFO] [stdout]    |
[INFO] [stdout] 10 |         syn::Data::Enum(_) => Err(syn::Error::new_spanned(struct_ident, "enum not supported")),
[INFO] [stdout]    |                                               ^^^^^^^^^^^ function or associated item not found in `syn::Error`
[INFO] [stdout] 
[INFO] [stdout] 
[INFO] [stdout] error[E0599]: no function or associated item named `new_spanned` found for struct `syn::Error` in the current scope
[INFO] [stdout]   --> src/uni_open_api.rs:11:48
[INFO] [stdout]    |
[INFO] [stdout] 11 |         syn::Data::Union(_) => Err(syn::Error::new_spanned(struct_ident, "union not supported")),
[INFO] [stdout]    |                                                ^^^^^^^^^^^ function or associated item not found in `syn::Error`
[INFO] [stdout] 
[INFO] [stdout] 
[INFO] [stdout] error[E0599]: no function or associated item named `new_spanned` found for struct `syn::Error` in the current scope
[INFO] [stdout]   --> src/uni_open_api.rs:13:54
[INFO] [stdout]    |
[INFO] [stdout] 13 |             syn::Fields::Named(_) => Err(syn::Error::new_spanned(
[INFO] [stdout]    |                                                      ^^^^^^^^^^^ function or associated item not found in `syn::Error`
[INFO] [stdout] 
[INFO] [stdout] 
[INFO] [stdout] error[E0599]: no function or associated item named `new_spanned` found for struct `syn::Error` in the current scope
[INFO] [stdout]   --> src/uni_open_api.rs:13:54
[INFO] [stdout]    |
[INFO] [stdout] 13 |             syn::Fields::Named(_) => Err(syn::Error::new_spanned(
[INFO] [stdout]    |                                                      ^^^^^^^^^^^ function or associated item not found in `syn::Error`
[INFO] [stdout] 
[INFO] [stdout] 
[INFO] [stdout] error[E0599]: no function or associated item named `new_spanned` found for struct `syn::Error` in the current scope
[INFO] [stdout]   --> src/uni_open_api.rs:17:50
[INFO] [stdout]    |
[INFO] [stdout] 17 |             syn::Fields::Unit => Err(syn::Error::new_spanned(
[INFO] [stdout]    |                                                  ^^^^^^^^^^^ function or associated item not found in `syn::Error`
[INFO] [stdout] 
[INFO] [stdout] 
[INFO] [stdout] error[E0599]: no function or associated item named `new_spanned` found for struct `syn::Error` in the current scope
[INFO] [stdout]   --> src/uni_open_api.rs:17:50
[INFO] [stdout]    |
[INFO] [stdout] 17 |             syn::Fields::Unit => Err(syn::Error::new_spanned(
[INFO] [stdout]    |                                                  ^^^^^^^^^^^ function or associated item not found in `syn::Error`
[INFO] [stdout] 
[INFO] [stdout] 
[INFO] [stdout] error[E0277]: the trait bound `proc_macro::TokenStream: From<TokenStream2>` is not satisfied
[INFO] [stdout]   --> src/lib.rs:29:10
[INFO] [stdout]    |
[INFO] [stdout] 29 |         .into()
[INFO] [stdout]    |          ^^^^ the trait `From<TokenStream2>` is not implemented for `proc_macro::TokenStream`
[INFO] [stdout]    |
[INFO] [stdout]    = help: the trait `From<proc_macro::TokenTree>` is implemented for `proc_macro::TokenStream`
[INFO] [stdout]    = note: required for `TokenStream2` to implement `Into<proc_macro::TokenStream>`
[INFO] [stdout] 
[INFO] [stdout] 
[INFO] [stdout] error[E0277]: the trait bound `proc_macro::TokenStream: From<TokenStream2>` is not satisfied
[INFO] [stdout]   --> src/lib.rs:29:10
[INFO] [stdout]    |
[INFO] [stdout] 29 |         .into()
[INFO] [stdout]    |          ^^^^ the trait `From<TokenStream2>` is not implemented for `proc_macro::TokenStream`
[INFO] [stdout]    |
[INFO] [stdout]    = help: the trait `From<proc_macro::TokenTree>` is implemented for `proc_macro::TokenStream`
[INFO] [stdout]    = note: required for `TokenStream2` to implement `Into<proc_macro::TokenStream>`
[INFO] [stdout] 
[INFO] [stdout] 
[INFO] [stdout] error: aborting due to 16 previous errors
[INFO] [stdout] 
[INFO] [stdout] 
[INFO] [stdout] Some errors have detailed explanations: E0277, E0412, E0422, E0432, E0433, E0599.
[INFO] [stdout] 
[INFO] [stdout] For more information about an error, try `rustc --explain E0277`.
[INFO] [stdout] 
[INFO] [stdout] error: aborting due to 16 previous errors
[INFO] [stdout] 
[INFO] [stdout] 
[INFO] [stdout] Some errors have detailed explanations: E0277, E0412, E0422, E0432, E0433, E0599.
[INFO] [stdout] 
[INFO] [stdout] For more information about an error, try `rustc --explain E0277`.
[INFO] [stdout] 
[INFO] [stderr] error: could not compile `poem-openapi-macro` (lib) due to 17 previous errors
[INFO] [stderr] warning: build failed, waiting for other jobs to finish...
[INFO] [stderr] error: could not compile `poem-openapi-macro` (lib test) due to 17 previous errors
[INFO] running `Command { std: "docker" "inspect" "77574afaeef91462867c80198ba7942960f6b59f71ee92b2b976197d899769c6", kill_on_drop: false }`
[INFO] running `Command { std: "docker" "rm" "-f" "77574afaeef91462867c80198ba7942960f6b59f71ee92b2b976197d899769c6", kill_on_drop: false }`
[INFO] [stdout] 77574afaeef91462867c80198ba7942960f6b59f71ee92b2b976197d899769c6
